(-11 - -50 - -7 - -11)
38
Evaluate 2 - (-7 - (52 + -33)).
28
1 - 55 - (0 - -10 - (-19 + -28 + 68))
-43
What is the value of 47 + (-67 + -12 - 14)?
-46
-57 + (79 - 31) + -39
-48
What is 4 + (22 + -11 - 8) + -151 + 15 - -12?
-117
Calculate -26 + 23 + (-4 - (-3 + -79)) - 10 - 1.
64
What is the value of 14 + (-7 - -15) + (65 + 34 - 3)?
118
-67 + 1 - (1081 - 1086)
-61
What is 11 + (14 - -21) + -21 + -6?
19
What is the value of -39 + (-3 - -13 - -13 - -2) + 0 + 13?
-1
What is -3 + 63 - (108 - -12)?
-60
What is the value of (7 - (124 + -140)) + -4 + -1?
18
What is the value of (-10 - -24 - -49) + -113?
-50
Evaluate -5 - (-75 + 73 + -20 + 1).
16
What is the value of 13 + (-71 + -21 - 1) + 23?
-57
What is the value of -118 - (17 + -55 - 4)?
-76
Evaluate -9 + (9 - 5) + (-23 - (-58 + 70)).
-40
What is (6 + -1 + -20 - (28 - 86)) + 1 + 4?
48
Calculate 18803 - 18807 - (-8 + 11 - (-57 + 0)).
-64
What is (-13 - 56) + (-364 - -400)?
-33
What is -109 + 283 + -163 - (117 + 1)?
-107
Calculate 78 + (-8 - -3) - (-291 + 303).
61
Calculate 8 + -2 + (-27 - (18 + -24 - 16)).
1
What is -1 + 49 + (-1699 - -1611)?
-40
-9 + (25 - -74) + -76
14
What is 35 - (-10 + 11 - (134 - 120))?
48
Calculate 19 + 1 - (32 + -27 + 24).
-9
What is (8 + 7 - 6) + -8 + 26 + -44?
-17
What is -11 - (11 - (302 - 285 - (6 - (-1 - 1))))?
-13
3780 + -3626 - (82 + -1)
73
-30 - ((-38 - -28) + -2 + 10)
-28
58 + (9 - 80 - -49)
36
203 - (53 + 15 - -56)
79
What is (27 - 84) + -331 + 432?
44
-13 + (45 - (-2 + 17 + (-3 - -9)))
11
Evaluate (7 - -6) + (16 - (-4 - -5) - 13 - 112).
-97
What is (39 - 53) + (-7 - (40 + -3 + -1))?
-57
Calculate (21 - -28 - -59) + -27.
81
What is 96 - (-19 + (17 - (6 + -3) - -13))?
88
Evaluate 11 + (-38 - (24 + -67) - ((-2 - 0) + 3)).
15
What is 16 - (39 + 9 - 32) - (-1 - 1)?
2
-32 + 63 + 2 + -24
9
Calculate (-1 - -6 - 1 - (-517 + 513)) + 43.
51
-7 + 1 + -13 + 45 - (-12 + 12)
26
Evaluate 12 + -1 + 3 + 11 + -34 + 41 + 21.
53
Evaluate -2 + (1 - 15) + (25 - 24 - (8 + -1)).
-22
-5 - 17 - -20 - -28 - 60
-34
What is the value of -38 + -31 + (-74 + 27 - -22)?
-94
Evaluate -3 + -30 + -19 + (2 - -23) + -6 + -1.
-34
Evaluate 11 + 33 + -23 - (158 + -120).
-17
Evaluate (1 + 65 - (70 - 72)) + -13 + -2.
53
Evaluate 61 - (114 + 4 - 67).
10
Evaluate 1 + -5 + -22 + 16 + 0 + -27.
-37
What is -23 + 37 + -1 + -33 + (-42 - -52)?
-10
What is 29 + 39 + -65 - (41 + -3)?
-35
What is -15 - (-10 + -12 + 14) - -31?
24
(-12 - -7) + -25 + -9 + -3
-42
What is the value of (-1 - (20 + 1)) + (-9209 - -9249)?
18
Evaluate -36 - (42 + (-61 - 49) + 5).
27
What is the value of 27 + 16 + -37 - (4 - 0) - (56 + -71)?
17
Evaluate 61 + (2 + 6 - (39 - (17 + 4))).
51
What is -52 + 10 - (-11 + (75 - 26))?
-80
2 + 119 - (-73 + (-107 - -184))
117
Evaluate -32 + (-1 - -1) - (-101 + 15 + 91) - 9.
-46
What is 19 + -78 + 28 + 62?
31
What is -17 - (-38 + (24 - (0 - 30)))?
-33
What is the value of 16 + (96 - 93 - (6 + 0)) - 45?
-32
What is the value of (-193 - -195) + (-29 - 2) + -2 + 8?
-23
What is the value of -1 - 1 - 4 - (3 - (43 + -27))?
7
What is the value of 5 + (-16 - (3 - (18 - 7)))?
-3
What is the value of 3 + 4 + 4 + -17 + -2 + 3 + -28?
-33
-13 - (3 - (-50 + 71))
5
What is -4 - -28 - 2 - (-1719 - -1790)?
-49
What is 154 + -127 + 98 - 190?
-65
Calculate 59 - (28 - (-60 - -74)).
45
What is (-13 - (-2 - -1)) + 1 + (-31 - (-11 + -44))?
13
-2 + 0 + (-13 + 0 - (-124 - -106))
3
What is the value of (-24 + 144 - 39) + 27 + -13?
95
What is the value of 13 - ((-19 - (5 - 5)) + (-26 - -32))?
26
What is the value of -28 + -4 - (37 - (27 - 24))?
-66
-60 + (93 - (-8 - -129))
-88
-80 + -40 + -44 + 123
-41
What is the value of 2 - ((-10 - -26 - 24) + -9)?
19
What is the value of 76 - (-89 - -56) - 80?
29
What is the value of (-2 + -133 - (-7 - -7)) + (-3 - -14)?
-124
What is -52 - (12 - 16 - (-7 - (3 + -7)))?
-51
8 + (0 - (15 - 13)) + (1 - -1) + 3
11
Evaluate (-1 - (1 + -15)) + 145 + (-129 - 33).
-4
What is -15 - (17 - (-18 + 35 - -5)) - (-1 - 19)?
10
-8 + 0 - ((-41 - -11) + 25)
-3
Calculate (10 + -11 + 5 + -22 - -4) + 67.
53
67 + (-4 - (-15 + 7)) - (-3 + -13 - -9)
78
(6 - -20 - 22) + (6 + -1 - 11 - 2)
-4
What is (1 - 41 - (653 - 725)) + 33?
65
What is the value of (-26 - (12 - 7)) + -3 + -11 + 4 + 4?
-37
Calculate (-15073 - -14800) + -1 + 142.
-132
Evaluate (-28 + 10 - -4 - -8) + -45.
-51
Evaluate 6 + -15 + 42 + -21 + 10 + (-5 - -3).
20
22 + -1 - (5762 - 5819)
78
2 + -4 - ((14 - 2) + -12 + 10)
-12
26 + (27 - 60) - 44
-51
-95 + 171 - 51 - -29
54
Calculate -84 + -5 - (2 + 25 - (181 - 162)).
-97
(-27 - 16) + (-160 - -126)
-77
Evaluate -128 + 108 + 151 + -3 + -34.
94
What is the value of (0 - 1) + 3 + 96 + (70 - 57 - 62)?
49
What is 2 + -41 + 1715 + -1642?
34
What is the value of (1 - 44 - (11 + -13)) + 20 + -11 + -20?
-52
What is -7 - 4 - (-10 + -11 + 5 - 13)?
18
67 - (-80 - -10 - -125)
12
Evaluate 70 - ((50 - 13) + 22).
11
Calculate (-70 - -3) + (17 + -15 - (-1 + 10)) + 9.
-65
What is the value of 67 + (-16 - 25) + 5 + 20?
51
Calculate 7 + (6 + (-13 + -12 - -9) - (3 - 59)).
53
Calculate -2 - -4 - 1 - (15 + -9 + -18).
13
-52 + 7 + (2 + (-15 - (11 - 8)) - -10)
-51
Calculate 4 + -2 + -13 - (28 + 8 + (120 - 128)).
-39
What is 38 - ((116 - -31) + -32 + 46)?
-123
Evaluate 15 + (6 + -66 - (-5 + 17)).
-57
What is 24 + 16 + -64 + 2?
-22
-1794 + 1777 - ((-2 - -2) + -16)
-1
0 + -61 - ((56 - -70) + -148)
-39
What is the value of 3 - 7 - -27 - (-34 + 46) - 44?
-33
What is the value of (-1 - (-2 + 3)) + (3770 - 3768)?
0
What is 68 - (-13 + 107 - 39)?
13
Evaluate (4 - -21) + 1 + 46 + (-61 - -2) - -20.
33
What is the value of (-70 - -74) + (44 - 28)?
20
Evaluate -13 + 47 + -1 - (-2 - (-12 - (-9 - -3))).
29
What is 2 + (137 - 0) + -42 + 238 + -181?
154
Evaluate (0 - -11) + (-3 - (5 + (5 - 34))).
32
-16 + 21 - (71 + -16 + (-14 - -3))
-39
Calculate 2 + 1 + -15 - (-68 - (-63 - 0)).
-7
Calculate -1 + 2 - (65 + -49 + (-28 - 1) - -52).
-38
(-7 - 2) + (-32 + (-20 - -33) - 42)
-70
What is -45 + 26 + 36 + 31?
48
What is -4 - 2 - (-71 + 10 - (-44 - -18))?
29
Evaluate 69 + (67 - 107) - 152.
-123
0 + 7 - ((-32 - -2) + -23 + 50)
10
Calculate (53 - 54 - -11) + 13.
23
(-395 - -449) + (2 - -20) - 3
73
-21 + 115 + 0 + (-5 + 2 - -8)
99
What is -53 + 117 - -1 - -30?
95
What is -953 + 954 + (11 - 1)?
11
What is (270 - 303) + (-1 - 5 - (8 + -6 - 2))?
-39
Evaluate -32 - (-51 + 1 - (67 + -99)).
-14
Calculate -63 + (22 - 38) - (-7 + -16).
-56
What is 16 + (-65 - -40) - ((-1 - -3) + 2 + 1)?
-14
Evaluate -92 + 36 + (-25 - -30) - (-1 - -8).
-58
What is -40 + -76 + 40 + 55?
-21
Evaluate -3 + 1 + -3 + 3 + -7 + 33 + 18.
42
What is the value of (33 + -17 - 10) + (-70 - -88)?
24
(10 - 24) + 31 + -3 + (-2 - 5 - 4)
3
Evaluate -6 + (20 - (-13 + 38 + -7)).
-4
(-75 + 57 - (-1 - -9)) + 7 + -2
-21
Calculate (138 - 14) + (-861 - -709).
-28
Calculate -2948 - -2867 - (2 - (4 - -1) - -9).
-87
What is the value of -47 + (79 - 45) - -37?
24
What is the value of -18 + -2 + (-8 - -129) - (-1 - -2 - 2)?
102
Calculate -33 - 75 - -158 - (-3 + 0 - -17).
36
Evaluate 153 - (20 - -45 - -8).
80
94 + 43 - (44 - (-2 - -4))
95
-4 + (-7 - -3) + -2 - (854 + -890)
26
Calculate 11 - 6 - -5 - 20 - (330 - 375).
35
Evaluate -13 + 1 - ((6 - 9) + (-4 - 11)).
6
What is -10 - ((29 - (-36 + 36 + 26)) + (-54 - -1))?
40
What is the value of (50 - -21 - (-1 - 5)) + (-9 - -1)?
69
(14 + -18 - (-2 + 24)) + 96
70
What is -13 + 22 + -78 + 29?
-40
Evaluate 20 + 0 + -22 + (-63 - -8) - (7 - 1).
-63
-15 - -6 - (-175 - -125) - -39
80
93 + -31 - (-30 + 112)
-20
What is -28 + 4 - (-87 + 68)?
-5
(12 - 1) + (-2 + 1 - (-44 - (-51 + 19)))
22
What is the value of ((4 - 13 - -9) + -16 - -21) + 69?
74
Calculate (5 - (185 - 123)) + 166.
109
What is (20 - -6) + -7 + -27 + 21?
13
Calculate 75 + -48 + (-6 + -13 - 10).
-2
Evaluate 28 + (-74 + 4 - (29 - 54)).
-17
Calculate 8 - ((1 - -9) + (-154 - -156) - 40).
36
What is the value of -10 - (20 - (12 - -29 - -23))?
34
What is -12 - ((-2 - -12) + (70 - 96)) - 95?
-91
What is (-89 - 39) + 132 - (-77 - (-3 + 6 + -1))?
83
Calculate -92 - (56 + -84 - 126).
62
What is the value of (3 + (-3 - -2) - (-24 + (11 - -18))) + -57?
-60
Evaluate -10 - ((16 - -9) + -5 - -19).
-49
Evaluate (110 - 263) + 132 + (-2 - -61 - -1).
39
What is -6 + 7 + -61 + 65 + -15 + 90?
80
(0 + 14 + -21 - 6) + 7 - (24 - -3)
-33
Evaluate